(-3 - -6) + -2 + -6)?
-6
What is 33 + -5 - (-3 + -4 + 17)?
18
11 + (12 - (7 - -9))
7
What is the value of -14 + 12 + 2 + -2 + 4?
2
Evaluate (31 - (17 - 40)) + -28.
26
Calculate 24 + 1 - (18 + -58 + 53).
12
What is (-6 - 13 - -11) + (-6 - -9) + 3?
-2
Calculate -3 + 0 + (-6 - (0 - (11 + -5))).
-3
(-1 - (13 + 1)) + (2069 - 2074)
-20
Calculate -4 - ((-20 - (14 - 9)) + 11).
10
What is (13 + -1 + -3 - (-1 - -17)) + -5?
-12
Calculate (0 - (-5 - 3 - -7)) + -5.
-4
Calculate -8 - (-9 + 3 + 7).
-9
Calculate -7 + 3 + 5 - (-37 + -7 - -5).
40
Evaluate (-10 - -35) + 15 + (-4 - 7).
29
What is the value of 18 + 2 + 0 + -5 + (23 - 23)?
15
0 + -30 + (7 - -10)
-13
What is (4 - 18) + (53 - 43)?
-4
-10 + (16 - 0) + 0 - 9
-3
Evaluate 59 + -59 + (-5 + -2 - -2) - 12.
-17
(16 - 21) + (7 - -2) - 9
-5
1 - 4 - (-9 - -9) - (-3 + 13)
-13
Evaluate -18 - (36 - 46 - (-2 + -2 - 0)).
-12
Evaluate 5 - (3 + (3 - -3 - (1 - 4))).
-7
What is the value of 10 + 4 + -15 - -9?
8
Evaluate 4 + 7 + (-7 - (-17 + 22)).
-1
11 + (-1 - (-2 - -13))
-1
Calculate (-15 - -21) + -1 + (-9 - -6 - -10).
12
What is the value of 1 + -13 - (-216 + 207)?
-3
What is the value of -31 - (-50 - (-29 + 25))?
15
Evaluate ((-6 - 1) + -4 - (4 + -11)) + -11.
-15
What is the value of 133 + -110 - (16 - -6)?
1
What is the value of 29 - (34 - 16) - (1 - -4) - 1?
5
Calculate (-2 - 17) + (-556 - -588).
13
What is the value of (-14 - (20 - 23 - -15)) + -6 + 0?
-32
12 + -5 + 16 - 27
-4
What is the value of -16 - -1 - -5 - -23?
13
What is the value of 4 - (-176 + 190 + (0 - 3) - 3)?
-4
Evaluate (28 - 7 - 41) + 7.
-13
What is (9 - (18 - 8)) + 5?
4
-8 - (-6 + 2 + 1 + 5)
-10
What is (1 - 9) + (-5 - 1) + (-188 - -195)?
-7
What is the value of -10 + 2 - -10 - -7 - (-1 + -1)?
11
What is -11 + (-7 - (-33 + 16))?
-1
Evaluate (33 - 9) + -40 - -13.
-3
-3 + 12 + -1 + -13
-5
What is the value of 1 - (-3 + (13 - 10))?
1
What is -22 + 0 - ((-21 - -7) + 12)?
-20
What is 51 - 32 - 6 - (-9 + 0)?
22
Calculate 0 + -33 + 16 - -30.
13
What is the value of 36 + -40 + 26 + -48?
-26
Calculate (-2 + 1 + -4 - 5) + (-7 - 3).
-20
Evaluate (-8 - -6) + (-8 - -5 - -5) - -5.
5
Evaluate (-3 - 2 - 4) + -1.
-10
What is 0 + 1 + 117 + -145 - -11?
-16
Calculate -1 - (-1 - (3 - -3)) - (465 - 461).
2
(7 + (-5 - 6) - 1) + -7
-12
What is (-7 - 7) + -13 + 29?
2
Evaluate -7 + 14 + -21 + 36.
22
Evaluate (17 - 25) + -3 + (-10 - 2).
-23
Evaluate (319 - 298) + (2 - 13).
10
Evaluate 9 + -22 + 17 + -10 + 3 + -1.
-4
What is -4 - (-23 - -7) - (6 - 8)?
14
What is -51 - (-2 + -6 + -15)?
-28
-4 - -11 - 0 - (1 - (-21 - 1))
-16
Calculate (-10 - -1) + -4 + (-7 - -9).
-11
Evaluate 33 - (-34 - (-23 - 57)).
-13
(20 - (25 + 3)) + -1 + 10
1
-17 - (-4 - 12) - (-21 + 19)
1
What is the value of 337 + -339 - (10 - 3)?
-9
4 - 10 - (-31 + -11 + 14)
22
(30 + -5 - 16) + 7
16
What is 28 - (-7 + (79 - 34))?
-10
What is -38 + 36 - ((3 - 14) + -1)?
10
What is the value of 10 + -10 - (12 + -3) - -22?
13
What is -6 - ((0 - -11) + (-84 - -66))?
1
Evaluate 12 + -59 - (-22 - -1).
-26
What is the value of 13 - (7 - -13) - -16?
9
5 + 24 + (-23 - 4) + 9 + -1
10
(12 - 1) + (-7 - -4) + -5
3
What is the value of -28 + (34 - 20) + -4?
-18
What is 4 + (-38 - -16) + (0 + 2 - 5)?
-21
-15 + -9 + -2 - -49
23
Calculate -13 + -1 + -12 + 17.
-9
Calculate 28 - (-3 + 26) - 4.
1
What is -10 + 7 + 7 - (-20 - -22)?
2
Calculate 1 + (17 - -5 - 12).
11
What is the value of 7 - 2 - 0 - (-452 + 442)?
15
Evaluate 10 + 0 + (13 + -18 - (3 + -4)).
6
-3 + 3 + -37 - (551 - 557)
-31
What is the value of -20 - ((-9 - -27) + -35)?
-3
What is the value of -7 + 13 + 0 + -7 + 3 + 7?
9
Evaluate -171 - -179 - (10 - 1) - 13.
-14
(0 - -10) + -15 + -30 + (8 - -15)
-12
Calculate (-9 - -14) + (-4 - 6).
-5
2 + 5 + -8 + -2 - -11 - -9
17
22 - (0 - (-23 - -13))
12
(2 - -3) + -1 - (1484 + -1501)
21
Calculate -45 - -52 - (0 + 8).
-1
7 - (-3 + -8 + 7) - (-8 - -17)
2
Evaluate (70 - 78) + (2 - (4 - (11 - 2))).
-1
What is (-25 - (-1 + -12)) + (21 - -4)?
13
Calculate -10 - (-4 - (6 + -16) - 15) - -3.
2
What is the value of -3 + (8 - (5 - (4 + 3))) + -7?
0
What is -49 + 73 + -26 - (-1 + -1 - 1)?
1
What is the value of 29 + (-18 - 25) + 4?
-10
Calculate 29 - (78 - (18 + 19)).
-12
What is the value of 14 + 24 - 25 - (-1 - -42)?
-28
What is -2 + -3 - -6 - (-7 + -1) - 4?
5
13 + (-21 - 0 - -16) + (1 - 3)
6
Calculate (2 + -2 - (2 - 5)) + -4 - -17.
16
11 - (26 - 18 - (2 - -1)) - 19
-13
Calculate -47 - (-13 + 43 + -41).
-36
Calculate 10 - ((-15 - -7 - -13) + -6).
11
(9 - (12 - 0)) + (2 - -5) - 9
-5
Calculate -2 + -6 + -19 + 14 - -4.
-9
What is the value of 1 + -17 + 467 + -448?
3
(14 - 10) + -16 + 1
-11
(-21 - -50 - 34) + 36
31
Evaluate 1 - -11 - ((-7 - -12) + -4).
11
Evaluate 41 + 23 + (-29 - 68).
-33
What is 12 + (-2 + (5 - -1) - 13) + 2?
5
What is the value of (-4 - (-13 - -2)) + 10?
17
What is 1 + 1 + 6 + -11 - 1?
-4
Evaluate -6 + -8 + 10 - (-1 + 2 + 5).
-10
Evaluate -16 - 0 - -21 - -4.
9
Calculate -11 + -12 + 11 + (6 + 3 - 5).
-8
-15 + 12 - -8 - 15
-10
What is (46 - 45) + (5 + 18 + -5 - 3)?
16
-11 - -1 - (93 + -96)
-7
What is 0 + (1 - 1) + -9 + 1677 + -1654?
14
What is the value of ((3 - 4) + (9 - 2) - 7) + -7?
-8
Calculate 3 + (16 + -14 + 3 - 19).
-11
What is 3 + (-11 - 20 - 2) + 2 + 3?
-25
What is the value of 151 + -147 + -1 + (-4 + 3 - 35)?
-33
21 + (15 - (83 + -30))
-17
Evaluate -21 - -13 - (6 + -22 + 3).
5
What is -117 + 124 + -2 + 0?
5
What is the value of (-15 - (-14 + -2)) + -6?
-5
What is the value of -1 + (-1 - -6 - 9) - -5?
0
Evaluate -1 - (9 - (-7 - -9)) - (-44 + 42).
-6
What is 8 + (-49 - -34) - (-8 - 7)?
8
What is -24 - (7 - (23 + 6) - -11)?
-13
What is the value of -41 - (-44 - -19) - -8?
-8
Evaluate -4 + (23 - (-15 + 12 + 13)).
9
Evaluate (-7 + (0 - 0) - -3) + 100 + -102.
-6
-14 + -2 - (30 + -21 + -12)
-13
Evaluate (-4 - 13 - -14) + -10.
-13
Calculate -6 - (-14 + 8 + -2 + 3 + 4).
-5
What is 2 + (-4 - -10) + -5 - (83 - 89)?
9
What is -3 - (7 - (15 + -11))?
-6
50 + 21 - (1 + 38)
32
(-16 + 27 - (-2 - 2)) + 1 + -3
13
Calculate 20 - ((3 - -4) + (-14 - -17)).
10
What is (-4 + -1 - -10) + -3 + (7 - 5)?
4
What is -14 + (4 - -29) - (-1 + 7 + -1)?
14
Calculate -17 - (8 + -24) - 16.
-17
Calculate (-23 - -15) + 7 - -14.
13
Calculate (-19 - -20) + (6 + 1 - 2) + 7.
13
Calculate (-8 + 1 + 12 - 12) + -1 + 4.
-4
What is the value of 30 + (-69 - -24) + (1 - -2)?
-12
Calculate 2 + 33 + -9 + -8.
18
What is (-6 - (9 + -8)) + 4 + 8?
5
Evaluate (2 - -15) + (1 + (-2 - 1) - 6).
9
Calculate 14 - (-5 + 5 + 2) - -10.
22
Calculate (-4 + (3 - -3) - 6) + 13 + 10.
19
Calculate -1 + (-5 - -19 - 5).
8
Evaluate -8 + 4 - (-41 - -33).
4
What is -21 - -6 - ((20 - 40) + -12)?
17
Calculate 2 - ((3 - 4) + -5 + -1).
9
Evaluate -90 + 95 + (3 - (1 - -3)).
4
Evaluate (10 - (-2 + (18 - 5))) + (-7 - -1).
-7
What is 36 - -3 - (28 - (4 - -5))?
20
Evaluate 445 + -436 - (1 + -21).
29
Calculate -16 + (-6 + 6 - -8) + 1 + 7.
0
5 - (-1 + (-7 + 1 - -10) + -8)
10
Evaluate -25 + (-8 - -1) + 20.
-12
49 + -44 + (-2 - 0) + (4 - 5)
2
(-203 - -208) + (1 - (-2 + -4)) + 0
12
What is (-45 - (-52 - 21)) + (0 - 7 - 0)?
21
What is (-41 + 50 + (2 - 0) - 36) + 2?
-23
What is the value of 8 + -11 + -4 + -14?
-21
What is the value of (-2 - -3) + -8 + 3 - (150 + -167)?
13
Calculate (-23 - (-2 - -3)) + (98 - 93).
-19
Evaluate -5 - (-13 + -11 + (-2 - -14)).
7
Evaluate -6 + (-9 - -17) + -9 + 3 - -36.
32
Evaluate -27 + -12 + (19 - 12) + 3.
-29
Calculate -34 + 43 - (17 + -1) - (-33 + 7).
19
What is -23 + 14 + 4 + -3 + (4 - -2)?
-2
15 - 3 - ((-1 - -5) + 0 + -1)
9
What is 6 + -1 - (22 - -2 - 20)?
1
What is the value of -5 + (13 + -10 - 11)?
-13
4768 + -4774 - (1 + -1 + 0 - -18)
-24
What is 42 + -40 + -11 + 2 + 0?
-7
13 - 10 - (28 - 11)
-14
Calculate 37 + -45 + -6 + -2 + 6 + -2.
-12
What is (-4 - -7 - 11) + 5 - (-26 + 6)?
17
What is the value of 10 + -2 + (-15 + 19 + -14 - -6)?
4
Evaluate -12 + -8 + 15 + 15.
10
5 + 32 + -9 + -34
-6
What is 9 + (6 - -7 - 18)?
4
Calculate -75 - -49 - (-2 - 24).
0
What is the value of 16 + -41 + (-10 - -37)?
2
What is the value of (3 - (-22 - -15)) + (3 - -2)?
15
Evaluate -14 + 29 - (-7 + 7 + 5).
10
(-19 - -1) + (5 - -1 - (-54 - -56))
-14
-12 + (9 - 6) + 6 + -8 + 4
-7
Evaluate 19 + (2 - -21) + -10.
32
Evaluate -3 - -18 - 2 - ((-5 - -6) + 4).
8
Evaluate -39 + (-41 - -48) + 16.
-16
(-19 - -